at is the hundreds digit of 107865?
8
What is the units digit of 3424?
4
What is the units digit of 17578?
8
What is the units digit of 32325?
5
What is the hundreds digit of 1333?
3
What is the tens digit of 44819?
1
What is the thousands digit of 64084?
4
What is the units digit of 7612?
2
What is the tens digit of 1144?
4
What is the hundreds digit of 2231?
2
What is the units digit of 1874?
4
What is the units digit of 174?
4
What is the units digit of 60780?
0
What is the tens digit of 14278?
7
What is the thousands digit of 1471?
1
What is the tens digit of 1191?
9
What is the thousands digit of 101709?
1
What is the hundreds digit of 2732?
7
What is the hundreds digit of 8441?
4
What is the tens digit of 542?
4
What is the tens digit of 1610?
1
What is the units digit of 14?
4
What is the thousands digit of 21771?
1
What is the hundreds digit of 409?
4
What is the tens digit of 3780?
8
What is the tens digit of 891?
9
What is the hundreds digit of 507?
5
What is the hundreds digit of 34588?
5
What is the tens digit of 1409?
0
What is the hundreds digit of 3172?
1
What is the units digit of 4924?
4
What is the units digit of 36?
6
What is the hundreds digit of 28802?
8
What is the hundreds digit of 2191?
1
What is the tens digit of 489?
8
What is the tens digit of 1555?
5
What is the thousands digit of 60556?
0
What is the ten thousands digit of 17073?
1
What is the ten thousands digit of 139994?
3
What is the hundreds digit of 13403?
4
What is the hundreds digit of 979?
9
What is the ten thousands digit of 98238?
9
What is the units digit of 30672?
2
What is the units digit of 3631?
1
What is the tens digit of 8214?
1
What is the units digit of 4003?
3
What is the thousands digit of 3053?
3
What is the hundreds digit of 2561?
5
What is the units digit of 2383?
3
What is the hundreds digit of 19851?
8
What is the hundreds digit of 718?
7
What is the hundreds digit of 968?
9
What is the units digit of 10757?
7
What is the tens digit of 596?
9
What is the tens digit of 1219?
1
What is the hundreds digit of 768?
7
What is the hundreds digit of 205?
2
What is the units digit of 2921?
1
What is the hundreds digit of 54180?
1
What is the units digit of 25804?
4
What is the units digit of 160?
0
What is the tens digit of 59780?
8
What is the tens digit of 12069?
6
What is the ten thousands digit of 72354?
7
What is the hundreds digit of 40096?
0
What is the ten thousands digit of 128780?
2
What is the thousands digit of 7871?
7
What is the ten thousands digit of 84528?
8
What is the hundreds digit of 1084?
0
What is the hundreds digit of 2830?
8
What is the units digit of 744?
4
What is the units digit of 52?
2
What is the hundreds digit of 3782?
7
What is the hundreds digit of 674?
6
What is the tens digit of 978?
7
What is the units digit of 903?
3
What is the thousands digit of 1084?
1
What is the units digit of 111683?
3
What is the ten thousands digit of 112091?
1
What is the hundreds digit of 65569?
5
What is the units digit of 155883?
3
What is the units digit of 3262?
2
What is the units digit of 20?
0
What is the ten thousands digit of 22775?
2
What is the hundreds digit of 15167?
1
What is the thousands digit of 3263?
3
What is the units digit of 10401?
1
What is the hundreds digit of 3560?
5
What is the tens digit of 188?
8
What is the units digit of 28613?
3
What is the thousands digit of 2235?
2
What is the hundreds digit of 292?
2
What is the units digit of 12220?
0
What is the units digit of 6539?
9
What is the tens digit of 6386?
8
What is the hundreds digit of 1384?
3
What is the hundreds digit of 524?
5
What is the hundreds digit of 7353?
3
What is the hundreds digit of 8154?
1
What is the hundreds digit of 902?
9
What is the units digit of 131966?
6
What is the thousands digit of 9544?
9
What is the units digit of 668?
8
What is the hundreds digit of 3689?
6
What is the units digit of 107442?
2
What is the tens digit of 1030?
3
What is the thousands digit of 3113?
3
What is the hundreds digit of 26329?
3
What is the units digit of 123?
3
What is the thousands digit of 160144?
0
What is the ten thousands digit of 29551?
2
What is the units digit of 16603?
3
What is the units digit of 34467?
7
What is the thousands digit of 16264?
6
What is the units digit of 13758?
8
What is the tens digit of 101926?
2
What is the units digit of 453?
3
What is the thousands digit of 6433?
6
What is the units digit of 16439?
9
What is the tens digit of 1956?
5
What is the thousands digit of 5124?
5
What is the tens digit of 358?
5
What is the units digit of 4486?
6
What is the thousands digit of 9757?
9
What is the tens digit of 1640?
4
What is the units digit of 100832?
2
What is the hundreds digit of 478?
4
What is the hundreds digit of 1470?
4
What is the hundreds digit of 8536?
5
What is the thousands digit of 1620?
1
What is the units digit of 1426?
6
What is the thousands digit of 14075?
4
What is the ten thousands digit of 91298?
9
What is the tens digit of 444?
4
What is the thousands digit of 2771?
2
What is the tens digit of 6625?
2
What is the thousands digit of 29495?
9
What is the hundreds digit of 13385?
3
What is the units digit of 2870?
0
What is the thousands digit of 2657?
2
What is the units digit of 3475?
5
What is the hundreds digit of 1626?
6
What is the units digit of 92974?
4
What is the thousands digit of 158543?
8
What is the hundreds digit of 1464?
4
What is the hundreds digit of 41165?
1
What is the units digit of 1838?
8
What is the tens digit of 90?
9
What is the units digit of 6703?
3
What is the units digit of 2375?
5
What is the ten thousands digit of 24176?
2
What is the units digit of 996?
6
What is the hundreds digit of 4238?
2
What is the thousands digit of 3783?
3
What is the units digit of 1768?
8
What is the units digit of 39808?
8
What is the units digit of 76694?
4
What is the thousands digit of 2495?
2
What is the units digit of 636?
6
What is the thousands digit of 1247?
1
What is the ten thousands digit of 126695?
2
What is the hundreds digit of 8290?
2
What is the hundreds digit of 245?
2
What is the ten thousands digit of 30688?
3
What is the tens digit of 43419?
1
What is the tens digit of 2536?
3
What is the thousands digit of 45293?
5
What is the hundreds digit of 637?
6
What is the thousands digit of 5654?
5
What is the tens digit of 3006?
0
What is the hundreds digit of 632?
6
What is the tens digit of 58600?
0
What is the tens digit of 2474?
7
What is the tens digit of 588?
8
What is the units digit of 3625?
5
What is the units digit of 24769?
9
What is the tens digit of 146285?
8
What is the hundred thousands digit of 127823?
1
What is the hundreds digit of 5337?
3
What is the hundreds digit of 1633?
6
What is the hundreds digit of 18292?
2
What is the units digit of 3081?
1
What is the thousands digit of 2177?
2
What is the units digit of 31950?
0
What is the units digit of 9767?
7
What is the hundreds digit of 1104?
1
What is the hundreds digit of 6320?
3
What is the hundreds digit of 15459?
4
What is the hundreds digit of 4362?
3
What is the hundreds digit of 1961?
9
What is the thousands digit of 76806?
6
What is the thousands digit of 26983?
6
What is the thousands digit of 1075?
1
What is the thousands digit of 3169?
3
What is the units digit of 1261?
1
What is the hundred thousands digit of 122397?
1
What is the units digit of 1120?
0
What is the units digit of 1825?
5
What is the units digit of 9008?
8
What is the tens digit of 135?
3
What is the tens digit of 15238?
3
What is the tens digit of 6966?
6
What is the hundreds digit of 458?
4
What is the units digit of 36573?
3
What is the ten thousands digit of 10618?
1
What is the units digit of 40215?
5
What is the tens digit of 45?
4
What is the units digit of 880?
0
What is the ten thousands digit of 10168?
1
What is the units digit of 2144?
4
What is the units digit of 64107?
7
What is the thousands digit of 1754?
1
What is the units digit of 649?
9
What is the hundreds digit of 6396?
3
What is the hundreds digit of 2559?
5
What is the tens digit of 444?
4
What is the hundreds digit of 28202?
2
What is the hundreds digit of 2671?
6
What is the ten thousands digit of 16044?
1
What is the hundreds digit of 30014?
0
What is the t